{"id":4772,"date":"2023-12-26T07:54:28","date_gmt":"2023-12-26T07:54:28","guid":{"rendered":"https:\/\/tveitosida.no\/?page_id=4772"},"modified":"2023-12-26T19:20:33","modified_gmt":"2023-12-26T19:20:33","slug":"tur-til-voss-23","status":"publish","type":"page","link":"https:\/\/tveitosida.no\/index.php\/tur-til-voss-23\/","title":{"rendered":"Tur til Voss &#8217;23"},"content":{"rendered":"\n<p>\u00c5rlig biltur til Voss fr\u00e5 Eksingedalen som turist 12. august.<\/p>\n\n\n\n<figure class=\"wp-block-image size-large\"><img loading=\"lazy\" width=\"1024\" height=\"768\" src=\"https:\/\/tveitosida.no\/wp-content\/uploads\/2023\/12\/img_0280-1024x768.jpg\" alt=\"\" class=\"wp-image-4765\" srcset=\"https:\/\/tveitosida.no\/wp-content\/uploads\/2023\/12\/img_0280-1024x768.jpg 1024w, https:\/\/tveitosida.no\/wp-content\/uploads\/2023\/12\/img_0280-300x225.jpg 300w, https:\/\/tveitosida.no\/wp-content\/uploads\/2023\/12\/img_0280-768x576.jpg 768w, https:\/\/tveitosida.no\/wp-content\/uploads\/2023\/12\/img_0280-1536x1152.jpg 1536w, https:\/\/tveitosida.no\/wp-content\/uploads\/2023\/12\/img_0280.jpg 2000w\" sizes=\"(max-width: 1024px) 100vw, 1024px\" \/><figcaption class=\"wp-element-caption\">Utsiktsplassen fr\u00e5 Nesheimfjellet<\/figcaption><\/figure>\n\n\n\n<figure class=\"wp-block-image size-large\"><img loading=\"lazy\" width=\"1024\" height=\"768\" src=\"https:\/\/tveitosida.no\/wp-content\/uploads\/2023\/12\/img_0288-1024x768.jpg\" alt=\"\" class=\"wp-image-4766\" srcset=\"https:\/\/tveitosida.no\/wp-content\/uploads\/2023\/12\/img_0288-1024x768.jpg 1024w, https:\/\/tveitosida.no\/wp-content\/uploads\/2023\/12\/img_0288-300x225.jpg 300w, https:\/\/tveitosida.no\/wp-content\/uploads\/2023\/12\/img_0288-768x576.jpg 768w, https:\/\/tveitosida.no\/wp-content\/uploads\/2023\/12\/img_0288-1536x1152.jpg 1536w, https:\/\/tveitosida.no\/wp-content\/uploads\/2023\/12\/img_0288.jpg 2000w\" sizes=\"(max-width: 1024px) 100vw, 1024px\" \/><figcaption class=\"wp-element-caption\">Olavskrossen er et minnesmerke i stein fra middelalderen plassert i Vossevangen i Voss kommune.<\/figcaption><\/figure>\n\n\n\n<figure class=\"wp-block-image size-large\"><img loading=\"lazy\" width=\"768\" height=\"1024\" src=\"https:\/\/tveitosida.no\/wp-content\/uploads\/2023\/12\/img_0287-768x1024.jpg\" alt=\"\" class=\"wp-image-4777\" srcset=\"https:\/\/tveitosida.no\/wp-content\/uploads\/2023\/12\/img_0287-768x1024.jpg 768w, https:\/\/tveitosida.no\/wp-content\/uploads\/2023\/12\/img_0287-225x300.jpg 225w, https:\/\/tveitosida.no\/wp-content\/uploads\/2023\/12\/img_0287-1152x1536.jpg 1152w, https:\/\/tveitosida.no\/wp-content\/uploads\/2023\/12\/img_0287.jpg 1500w\" sizes=\"(max-width: 768px) 100vw, 768px\" \/><figcaption class=\"wp-element-caption\">Olavskrossen<\/figcaption><\/figure>\n\n\n\n<figure class=\"wp-block-image size-large\"><img loading=\"lazy\" width=\"1024\" height=\"768\" src=\"https:\/\/tveitosida.no\/wp-content\/uploads\/2023\/12\/img_0289-1024x768.jpg\" alt=\"\" class=\"wp-image-4767\" srcset=\"https:\/\/tveitosida.no\/wp-content\/uploads\/2023\/12\/img_0289-1024x768.jpg 1024w, https:\/\/tveitosida.no\/wp-content\/uploads\/2023\/12\/img_0289-300x225.jpg 300w, https:\/\/tveitosida.no\/wp-content\/uploads\/2023\/12\/img_0289-768x576.jpg 768w, https:\/\/tveitosida.no\/wp-content\/uploads\/2023\/12\/img_0289-1536x1152.jpg 1536w, https:\/\/tveitosida.no\/wp-content\/uploads\/2023\/12\/img_0289.jpg 2000w\" sizes=\"(max-width: 1024px) 100vw, 1024px\" \/><\/figure>\n\n\n\n<figure class=\"wp-block-image size-large\"><img loading=\"lazy\" width=\"768\" height=\"1024\" src=\"https:\/\/tveitosida.no\/wp-content\/uploads\/2023\/12\/img_0298-768x1024.jpg\" alt=\"\" class=\"wp-image-4768\" srcset=\"https:\/\/tveitosida.no\/wp-content\/uploads\/2023\/12\/img_0298-768x1024.jpg 768w, https:\/\/tveitosida.no\/wp-content\/uploads\/2023\/12\/img_0298-225x300.jpg 225w, https:\/\/tveitosida.no\/wp-content\/uploads\/2023\/12\/img_0298-1152x1536.jpg 1152w, https:\/\/tveitosida.no\/wp-content\/uploads\/2023\/12\/img_0298.jpg 1500w\" sizes=\"(max-width: 768px) 100vw, 768px\" \/><\/figure>\n\n\n\n<figure class=\"wp-block-image size-large\"><img loading=\"lazy\" width=\"1004\" height=\"1024\" src=\"https:\/\/tveitosida.no\/wp-content\/uploads\/2023\/12\/img_0299-1004x1024.jpg\" alt=\"\" class=\"wp-image-4779\" srcset=\"https:\/\/tveitosida.no\/wp-content\/uploads\/2023\/12\/img_0299-1004x1024.jpg 1004w, https:\/\/tveitosida.no\/wp-content\/uploads\/2023\/12\/img_0299-294x300.jpg 294w, https:\/\/tveitosida.no\/wp-content\/uploads\/2023\/12\/img_0299-768x783.jpg 768w, https:\/\/tveitosida.no\/wp-content\/uploads\/2023\/12\/img_0299-1506x1536.jpg 1506w, https:\/\/tveitosida.no\/wp-content\/uploads\/2023\/12\/img_0299.jpg 1961w\" sizes=\"(max-width: 1004px) 100vw, 1004px\" \/><figcaption class=\"wp-element-caption\">Gamalt tre p\u00e5 Voss<\/figcaption><\/figure>\n\n\n\n<figure class=\"wp-block-image size-large\"><img loading=\"lazy\" width=\"1024\" height=\"768\" src=\"https:\/\/tveitosida.no\/wp-content\/uploads\/2023\/12\/img_0305-1024x768.jpg\" alt=\"\" class=\"wp-image-4770\" srcset=\"https:\/\/tveitosida.no\/wp-content\/uploads\/2023\/12\/img_0305-1024x768.jpg 1024w, https:\/\/tveitosida.no\/wp-content\/uploads\/2023\/12\/img_0305-300x225.jpg 300w, https:\/\/tveitosida.no\/wp-content\/uploads\/2023\/12\/img_0305-768x576.jpg 768w, https:\/\/tveitosida.no\/wp-content\/uploads\/2023\/12\/img_0305-1536x1152.jpg 1536w, https:\/\/tveitosida.no\/wp-content\/uploads\/2023\/12\/img_0305.jpg 2000w\" sizes=\"(max-width: 1024px) 100vw, 1024px\" \/><figcaption class=\"wp-element-caption\">Vangskyrkja, ogs\u00e5 kalt Voss kyrkje, er en langkirke i stein fra 1277 p\u00e5 Vossevangen<\/figcaption><\/figure>\n\n\n\n<figure class=\"wp-block-image size-large\"><img loading=\"lazy\" width=\"768\" height=\"1024\" src=\"https:\/\/tveitosida.no\/wp-content\/uploads\/2023\/12\/img_0304-768x1024.jpg\" alt=\"\" class=\"wp-image-4771\" srcset=\"https:\/\/tveitosida.no\/wp-content\/uploads\/2023\/12\/img_0304-768x1024.jpg 768w, https:\/\/tveitosida.no\/wp-content\/uploads\/2023\/12\/img_0304-225x300.jpg 225w, https:\/\/tveitosida.no\/wp-content\/uploads\/2023\/12\/img_0304-1152x1536.jpg 1152w, https:\/\/tveitosida.no\/wp-content\/uploads\/2023\/12\/img_0304.jpg 1500w\" sizes=\"(max-width: 768px) 100vw, 768px\" \/><figcaption class=\"wp-element-caption\">Voss kyrkje<\/figcaption><\/figure>\n\n\n\n<p>Fjord\u00e5rets julegave var flyging i vindtunellen hj\u00e5 Voss Vind. Dette m\u00e5tte me pr\u00f8va. Da dette blei ei god oppleving, st\u00e5r gavekort med flyging ogs\u00e5 p\u00e5 \u00e5rets \u00f8nskeliste til jul.<\/p>\n\n\n\n<figure class=\"wp-block-image aligncenter size-large\"><img loading=\"lazy\" width=\"300\" height=\"224\" src=\"https:\/\/tveitosida.no\/wp-content\/uploads\/2023\/12\/img_2273-1-300x224.jpg\" alt=\"\" class=\"wp-image-4782\" srcset=\"https:\/\/tveitosida.no\/wp-content\/uploads\/2023\/12\/img_2273-1-300x224.jpg 300w, https:\/\/tveitosida.no\/wp-content\/uploads\/2023\/12\/img_2273-1.jpg 741w\" sizes=\"(max-width: 300px) 100vw, 300px\" \/><figcaption class=\"wp-element-caption\">VossVind<\/figcaption><\/figure>\n\n\n\n<p><\/p>\n","protected":false},"excerpt":{"rendered":"<p>\u00c5rlig biltur til Voss fr\u00e5 Eksingedalen som turist 12. august. Fjord\u00e5rets julegave var flyging i vindtunellen hj\u00e5 Voss Vind. Dette m\u00e5tte me pr\u00f8va. Da dette blei ei god oppleving, st\u00e5r gavekort med flyging ogs\u00e5 p\u00e5 \u00e5rets \u00f8nskeliste til jul.<\/p>\n","protected":false},"author":1,"featured_media":0,"parent":0,"menu_order":0,"comment_status":"closed","ping_status":"closed","template":"","meta":[],"_links":{"self":[{"href":"https:\/\/tveitosida.no\/index.php\/wp-json\/wp\/v2\/pages\/4772"}],"collection":[{"href":"https:\/\/tveitosida.no\/index.php\/wp-json\/wp\/v2\/pages"}],"about":[{"href":"https:\/\/tveitosida.no\/index.php\/wp-json\/wp\/v2\/types\/page"}],"author":[{"embeddable":true,"href":"https:\/\/tveitosida.no\/index.php\/wp-json\/wp\/v2\/users\/1"}],"replies":[{"embeddable":true,"href":"https:\/\/tveitosida.no\/index.php\/wp-json\/wp\/v2\/comments?post=4772"}],"version-history":[{"count":13,"href":"https:\/\/tveitosida.no\/index.php\/wp-json\/wp\/v2\/pages\/4772\/revisions"}],"predecessor-version":[{"id":4840,"href":"https:\/\/tveitosida.no\/index.php\/wp-json\/wp\/v2\/pages\/4772\/revisions\/4840"}],"wp:attachment":[{"href":"https:\/\/tveitosida.no\/index.php\/wp-json\/wp\/v2\/media?parent=4772"}],"curies":[{"name":"wp","href":"https:\/\/api.w.org\/{rel}","templated":true}]}}