{"id":3613,"date":"2020-11-15T17:06:56","date_gmt":"2020-11-15T17:06:56","guid":{"rendered":"http:\/\/tveitosida.no\/?page_id=3613"},"modified":"2020-11-18T20:54:15","modified_gmt":"2020-11-18T20:54:15","slug":"roparhaugen","status":"publish","type":"page","link":"https:\/\/tveitosida.no\/index.php\/roparhaugen\/","title":{"rendered":"Roparhaugen"},"content":{"rendered":"\n<p>P\u00e5 \u00d8vretveit er det et museum. Dette er gamlahuset i Hauane. Det blei flytta ned der det st\u00e5r i dag i 1957 av sonen Karl fr\u00e5 br.6). Fleire av dei som vaks opp i dette huset vart viktige kulturpersoner innan folkemusikk, felemaking , dikt og teaterkunst i Nordhordland.<\/p>\n\n\n\n<figure class=\"wp-block-image size-large\"><img loading=\"lazy\" width=\"1024\" height=\"768\" src=\"http:\/\/tveitosida.no\/wp-content\/uploads\/diverse_folder\/roparhaugen\/IMG_6881.png\" alt=\"\" class=\"wp-image-3616\" srcset=\"https:\/\/tveitosida.no\/wp-content\/uploads\/diverse_folder\/roparhaugen\/IMG_6881.png 1024w, https:\/\/tveitosida.no\/wp-content\/uploads\/diverse_folder\/roparhaugen\/IMG_6881-300x225.png 300w, https:\/\/tveitosida.no\/wp-content\/uploads\/diverse_folder\/roparhaugen\/IMG_6881-768x576.png 768w\" sizes=\"(max-width: 1024px) 100vw, 1024px\" \/><\/figure>\n\n\n\n<figure class=\"wp-block-image size-large\"><img loading=\"lazy\" width=\"1024\" height=\"768\" src=\"http:\/\/tveitosida.no\/wp-content\/uploads\/diverse_folder\/roparhaugen\/IMG_6883.png\" alt=\"\" class=\"wp-image-3618\" srcset=\"https:\/\/tveitosida.no\/wp-content\/uploads\/diverse_folder\/roparhaugen\/IMG_6883.png 1024w, https:\/\/tveitosida.no\/wp-content\/uploads\/diverse_folder\/roparhaugen\/IMG_6883-300x225.png 300w, https:\/\/tveitosida.no\/wp-content\/uploads\/diverse_folder\/roparhaugen\/IMG_6883-768x576.png 768w\" sizes=\"(max-width: 1024px) 100vw, 1024px\" \/><\/figure>\n\n\n\n<figure class=\"wp-block-image size-large\"><img loading=\"lazy\" width=\"1024\" height=\"768\" src=\"http:\/\/tveitosida.no\/wp-content\/uploads\/diverse_folder\/roparhaugen\/IMG_6886.png\" alt=\"\" class=\"wp-image-3617\" srcset=\"https:\/\/tveitosida.no\/wp-content\/uploads\/diverse_folder\/roparhaugen\/IMG_6886.png 1024w, https:\/\/tveitosida.no\/wp-content\/uploads\/diverse_folder\/roparhaugen\/IMG_6886-300x225.png 300w, https:\/\/tveitosida.no\/wp-content\/uploads\/diverse_folder\/roparhaugen\/IMG_6886-768x576.png 768w\" sizes=\"(max-width: 1024px) 100vw, 1024px\" \/><\/figure>\n\n\n<p>Roparhaugssamlinga<br \/><img loading=\"lazy\" src=\"http:\/\/tveitosida.no\/wp-content\/uploads\/diverse_folder\/roparhaugen\/Ovretv5.jpg\" width=\"600\" height=\"371\" border=\"0\" \/><\/p>\n<p>Fele Knut og Brita i Hauane<br \/><img loading=\"lazy\" src=\"http:\/\/tveitosida.no\/wp-content\/uploads\/diverse_folder\/roparhaugen\/FeleKnutBrita_i_Hauane_600.jpg\" width=\"600\" height=\"880\" border=\"0\" \/><\/p>\n<p>Brita budde i sm\u00e5stova, som var k\u00e5rstove, sine siste levedager.\u00a0<br \/><img loading=\"lazy\" src=\"http:\/\/tveitosida.no\/wp-content\/uploads\/diverse_folder\/roparhaugen\/Brita_i_Hauane_600.jpg\" width=\"600\" height=\"639\" border=\"0\" \/><\/p>\n<p>Brita i Hauane (mor til Karl \u00d8vretveit, fele Nils, Johan). Mannen blei kalla fele Knut. Berta med Lilly.<br \/><img loading=\"lazy\" src=\"http:\/\/tveitosida.no\/wp-content\/uploads\/gamle_folder\/gruppebilder\/HauaneBrita_600.jpg\" width=\"600\" height=\"412\" border=\"0\" \/><\/p>\n<p>Johannes? Tvedt m\/slips nr 3 oppe fr\u00e5 venstre. Ingvald \u00d8vretveit bak i midten. Bergit Aasgard m\/skaut og Anna m\/hatt framfor, Hans \u00d8vretveit, Ragnhild Hauge, Gudrun.<br \/><img loading=\"lazy\" src=\"http:\/\/tveitosida.no\/wp-content\/uploads\/gamle_folder\/gruppebilder\/Folk6.jpg\" width=\"600\" height=\"397\" border=\"0\" \/><\/p>\n<p><img loading=\"lazy\" src=\"http:\/\/tveitosida.no\/wp-content\/uploads\/gamle_folder\/gruppebilder\/I_Hauane_600.jpg\" width=\"600\" height=\"408\" border=\"0\" \/><\/p>\n<p><img loading=\"lazy\" src=\"http:\/\/tveitosida.no\/wp-content\/uploads\/gamle_folder\/gruppebilder\/PaBeite_600.jpg\" width=\"600\" height=\"389\" border=\"0\" \/><\/p>\n<p>P\u00e5 sengja p\u00e5 R o p a r s h a u g s a m l i n g a i f\u00f8rste etasje (k\u00e5rstova) ligg eit vakkert \u00e5kl\u00e6 fr\u00e5 \u00c5sgard, Andreastunet, g\u00e5ve fr\u00e5 Anna \u00c5sgard, f\u00f8dd Veland.<br \/><img loading=\"lazy\" src=\"http:\/\/tveitosida.no\/wp-content\/uploads\/gamle_folder\/aasgard\/IMG_4292_rsv.jpg\" width=\"600\" height=\"413\" border=\"0\" \/><\/p>\n<p><img loading=\"lazy\" src=\"http:\/\/tveitosida.no\/wp-content\/uploads\/gamle_folder\/aasgard\/IMG_4688_r.jpg\" width=\"600\" height=\"400\" border=\"0\" \/><\/p>\n<p>Oppe er sengene fastmonterte i veggen, som dei ofte var.<\/p>\n\n\n<figure class=\"wp-block-image size-large\"><img loading=\"lazy\" width=\"1024\" height=\"682\" src=\"http:\/\/tveitosida.no\/wp-content\/uploads\/diverse_folder\/roparhaugen\/IMG_4240.png\" alt=\"\" class=\"wp-image-3633\" srcset=\"https:\/\/tveitosida.no\/wp-content\/uploads\/diverse_folder\/roparhaugen\/IMG_4240.png 1024w, https:\/\/tveitosida.no\/wp-content\/uploads\/diverse_folder\/roparhaugen\/IMG_4240-300x200.png 300w, https:\/\/tveitosida.no\/wp-content\/uploads\/diverse_folder\/roparhaugen\/IMG_4240-768x512.png 768w\" sizes=\"(max-width: 1024px) 100vw, 1024px\" \/><\/figure>\n","protected":false},"excerpt":{"rendered":"<p>P\u00e5 \u00d8vretveit er det et museum. Dette er gamlahuset i Hauane. Det blei flytta ned der det st\u00e5r i dag i 1957 av sonen Karl fr\u00e5 br.6). Fleire av dei som vaks opp i dette huset vart viktige kulturpersoner innan folkemusikk, felemaking , dikt og teaterkunst i Nordhordland. Roparhaugssamlinga Fele Knut og Brita i Hauane &hellip; <a href=\"https:\/\/tveitosida.no\/index.php\/roparhaugen\/\" class=\"more-link\">Continue reading <span class=\"screen-reader-text\">Roparhaugen<\/span> <span class=\"meta-nav\">&rarr;<\/span><\/a><\/p>\n","protected":false},"author":1,"featured_media":0,"parent":0,"menu_order":0,"comment_status":"closed","ping_status":"closed","template":"","meta":[],"_links":{"self":[{"href":"https:\/\/tveitosida.no\/index.php\/wp-json\/wp\/v2\/pages\/3613"}],"collection":[{"href":"https:\/\/tveitosida.no\/index.php\/wp-json\/wp\/v2\/pages"}],"about":[{"href":"https:\/\/tveitosida.no\/index.php\/wp-json\/wp\/v2\/types\/page"}],"author":[{"embeddable":true,"href":"https:\/\/tveitosida.no\/index.php\/wp-json\/wp\/v2\/users\/1"}],"replies":[{"embeddable":true,"href":"https:\/\/tveitosida.no\/index.php\/wp-json\/wp\/v2\/comments?post=3613"}],"version-history":[{"count":16,"href":"https:\/\/tveitosida.no\/index.php\/wp-json\/wp\/v2\/pages\/3613\/revisions"}],"predecessor-version":[{"id":3636,"href":"https:\/\/tveitosida.no\/index.php\/wp-json\/wp\/v2\/pages\/3613\/revisions\/3636"}],"wp:attachment":[{"href":"https:\/\/tveitosida.no\/index.php\/wp-json\/wp\/v2\/media?parent=3613"}],"curies":[{"name":"wp","href":"https:\/\/api.w.org\/{rel}","templated":true}]}}