{"id":3556,"date":"2020-11-14T16:05:43","date_gmt":"2020-11-14T16:05:43","guid":{"rendered":"http:\/\/tveitosida.no\/?page_id=3556"},"modified":"2020-11-14T17:53:55","modified_gmt":"2020-11-14T17:53:55","slug":"fiske-i-sjoen","status":"publish","type":"page","link":"https:\/\/tveitosida.no\/index.php\/fiske-i-sjoen\/","title":{"rendered":"Fiske p\u00e5 sj\u00f8en"},"content":{"rendered":"<p>I snart fleire generasjoner har Aasmund (morfar) ordna med fisk til b\u00e5de familie og vener. Nokre veker p\u00e5 ny\u00e5ret kvart \u00e5r, fisker han til fileer og fiskekaker nok til resten av \u00e5ret.<\/p>\n<p>Fiske februar 2017.<br \/>\n<img loading=\"lazy\" src=\"http:\/\/tveitosida.no\/wp-content\/uploads\/diverse_folder\/fiskesjoen\/IMG_9342.jpg\" width=\"700\" height=\"466\" border=\"0\"><\/p>\n<p><img loading=\"lazy\" src=\"http:\/\/tveitosida.no\/wp-content\/uploads\/diverse_folder\/fiskesjoen\/IMG_9343.jpg\" width=\"700\" height=\"466\" border=\"0\"><\/p>\n<p><img loading=\"lazy\" src=\"http:\/\/tveitosida.no\/wp-content\/uploads\/diverse_folder\/fiskesjoen\/IMG_9344.jpg\" width=\"700\" height=\"466\" border=\"0\"><\/p>\n<p><img loading=\"lazy\" src=\"http:\/\/tveitosida.no\/wp-content\/uploads\/diverse_folder\/fiskesjoen\/IMG_9345.jpg\" width=\"700\" height=\"466\" border=\"0\"><\/p>\n<p><img loading=\"lazy\" src=\"http:\/\/tveitosida.no\/wp-content\/uploads\/diverse_folder\/fiskesjoen\/IMG_9350.jpg\" width=\"700\" height=\"466\" border=\"0\"><\/p>\n<p><img loading=\"lazy\" src=\"http:\/\/tveitosida.no\/wp-content\/uploads\/diverse_folder\/fiskesjoen\/IMG_9355.jpg\" width=\"700\" height=\"466\" border=\"0\"><\/p>\n<p><img loading=\"lazy\" src=\"http:\/\/tveitosida.no\/wp-content\/uploads\/diverse_folder\/fiskesjoen\/IMG_9356.jpg\" width=\"700\" height=\"466\" border=\"0\"><\/p>\n<p><img loading=\"lazy\" src=\"http:\/\/tveitosida.no\/wp-content\/uploads\/diverse_folder\/fiskesjoen\/IMG_9358.jpg\" width=\"700\" height=\"466\" border=\"0\"><\/p>\n<p><img loading=\"lazy\" src=\"http:\/\/tveitosida.no\/wp-content\/uploads\/diverse_folder\/fiskesjoen\/IMG_9365.jpg\" width=\"700\" height=\"466\" border=\"0\"><\/p>\n<p><img loading=\"lazy\" src=\"http:\/\/tveitosida.no\/wp-content\/uploads\/diverse_folder\/fiskesjoen\/IMG_9384.jpg\" width=\"700\" height=\"1050\" border=\"0\"><\/p>\n<p><img loading=\"lazy\" src=\"http:\/\/tveitosida.no\/wp-content\/uploads\/diverse_folder\/fiskesjoen\/IMG_9386.jpg\" width=\"700\" height=\"466\" border=\"0\"><\/p>\n<p><img loading=\"lazy\" src=\"http:\/\/tveitosida.no\/wp-content\/uploads\/diverse_folder\/fiskesjoen\/IMG_9388.jpg\" width=\"700\" height=\"1050\" border=\"0\"><\/p>\n<p><img loading=\"lazy\" src=\"http:\/\/tveitosida.no\/wp-content\/uploads\/diverse_folder\/fiskesjoen\/IMG_9392.jpg\" width=\"700\" height=\"466\" border=\"0\"><\/p>\n<p><img loading=\"lazy\" src=\"http:\/\/tveitosida.no\/wp-content\/uploads\/diverse_folder\/fiskesjoen\/IMG_7692.jpg\" width=\"700\" height=\"525\" border=\"0\"><\/p>\n<p><img loading=\"lazy\" src=\"http:\/\/tveitosida.no\/wp-content\/uploads\/diverse_folder\/fiskesjoen\/IMG_7700.jpg\" width=\"700\" height=\"525\" border=\"0\"><\/p>\n<p><img loading=\"lazy\" src=\"http:\/\/tveitosida.no\/wp-content\/uploads\/diverse_folder\/fiskesjoen\/IMG_7708.jpg\" width=\"700\" height=\"525\" border=\"0\"><\/p>\n","protected":false},"excerpt":{"rendered":"<p>I snart fleire generasjoner har Aasmund (morfar) ordna med fisk til b\u00e5de familie og vener. Nokre veker p\u00e5 ny\u00e5ret kvart \u00e5r, fisker han til fileer og fiskekaker nok til resten av \u00e5ret. Fiske februar 2017.<\/p>\n","protected":false},"author":1,"featured_media":0,"parent":0,"menu_order":0,"comment_status":"closed","ping_status":"closed","template":"","meta":[],"_links":{"self":[{"href":"https:\/\/tveitosida.no\/index.php\/wp-json\/wp\/v2\/pages\/3556"}],"collection":[{"href":"https:\/\/tveitosida.no\/index.php\/wp-json\/wp\/v2\/pages"}],"about":[{"href":"https:\/\/tveitosida.no\/index.php\/wp-json\/wp\/v2\/types\/page"}],"author":[{"embeddable":true,"href":"https:\/\/tveitosida.no\/index.php\/wp-json\/wp\/v2\/users\/1"}],"replies":[{"embeddable":true,"href":"https:\/\/tveitosida.no\/index.php\/wp-json\/wp\/v2\/comments?post=3556"}],"version-history":[{"count":6,"href":"https:\/\/tveitosida.no\/index.php\/wp-json\/wp\/v2\/pages\/3556\/revisions"}],"predecessor-version":[{"id":3576,"href":"https:\/\/tveitosida.no\/index.php\/wp-json\/wp\/v2\/pages\/3556\/revisions\/3576"}],"wp:attachment":[{"href":"https:\/\/tveitosida.no\/index.php\/wp-json\/wp\/v2\/media?parent=3556"}],"curies":[{"name":"wp","href":"https:\/\/api.w.org\/{rel}","templated":true}]}}