{"id":3280,"date":"2020-11-11T19:10:20","date_gmt":"2020-11-11T19:10:20","guid":{"rendered":"http:\/\/tveitosida.no\/?page_id=3280"},"modified":"2020-11-11T19:14:59","modified_gmt":"2020-11-11T19:14:59","slug":"postkort","status":"publish","type":"page","link":"https:\/\/tveitosida.no\/index.php\/postkort\/","title":{"rendered":"Postkort"},"content":{"rendered":"<p><b>Eikangerv\u00e5g<\/b><br \/>\n<img loading=\"lazy\" border=\"0\" src=\"http:\/\/tveitosida.no\/wp-content\/uploads\/gamle_folder\/postkort\/Eikangerv2.jpg\" width=\"300\" height=\"411\"><\/p>\n<p><img loading=\"lazy\" border=\"0\" src=\"http:\/\/tveitosida.no\/wp-content\/uploads\/gamle_folder\/postkort\/Eikangerv.jpg\" width=\"600\" height=\"362\"><\/p>\n<p>Bilde er tatt fr\u00e5 Lid, og ein kan sj\u00e5 litt av Liavatnet<br \/>\n<img loading=\"lazy\" border=\"0\" src=\"http:\/\/tveitosida.no\/wp-content\/uploads\/gamle_folder\/postkort\/PartiEikanger.jpg\" width=\"600\" height=\"376\"><\/p>\n<p><b>Eikangerv\u00e5g<\/b><br \/>\n<img loading=\"lazy\" border=\"0\" src=\"http:\/\/tveitosida.no\/wp-content\/uploads\/gamle_folder\/postkort\/IMG_3916_600.jpg\" width=\"600\" height=\"408\"><\/p>\n<p><b>Hauge<\/b><br \/>\n<img loading=\"lazy\" border=\"0\" src=\"http:\/\/tveitosida.no\/wp-content\/uploads\/gamle_folder\/postkort\/Hauge.jpg\" alt=\"Hauge\" width=\"600\" height=\"430\"><\/p>\n<p>Hestekjerre forbi Hauge, Byggningsmann A n d e r s  \u00d8 v r e t v e i t<br \/>\n<img loading=\"lazy\" border=\"0\" src=\"http:\/\/tveitosida.no\/wp-content\/uploads\/gamle_folder\/postkort\/Hestekjerre_600.jpg\" alt=\"Hauge\" width=\"600\" height=\"375\"><\/p>\n<p><b>Hauge (H\u00f8ye), Osphaugen<\/b><br \/>\n<img loading=\"lazy\" border=\"0\" src=\"http:\/\/tveitosida.no\/wp-content\/uploads\/gamle_folder\/postkort\/Hoye_osp_c.jpg\" alt=\"Hauge\" width=\"600\" height=\"415\"><\/p>\n<p><b>Myrh, Dalsgrend<\/b><br \/>\n<img loading=\"lazy\" border=\"0\" src=\"http:\/\/tveitosida.no\/wp-content\/uploads\/gamle_folder\/postkort\/Myhr_Dalsgrend.jpg\" alt=\"Myhr\" width=\"600\" height=\"433\"><\/p>\n<p><b>Tveitavatnet<\/b><br \/>\n<img loading=\"lazy\" border=\"0\" src=\"http:\/\/tveitosida.no\/wp-content\/uploads\/gamle_folder\/postkort\/Tveitavatnet.jpg\" width=\"600\" height=\"402\"><\/p>\n<p><b>Grov<\/b><br \/>\n<img loading=\"lazy\" border=\"0\" src=\"http:\/\/tveitosida.no\/wp-content\/uploads\/gamle_folder\/postkort\/Grov1933.jpg\" width=\"600\" height=\"413\"><\/p>\n<p><img loading=\"lazy\" border=\"0\" src=\"http:\/\/tveitosida.no\/wp-content\/uploads\/gamle_folder\/postkort\/GrovGml.jpg\" alt=\"Grov\" width=\"600\" height=\"323\"><\/p>\n<p><img loading=\"lazy\" border=\"0\" src=\"http:\/\/tveitosida.no\/wp-content\/uploads\/gamle_folder\/postkort\/VestomGrov3.jpg\" width=\"600\" height=\"408\"><\/p>\n<p><b>Tveito: <\/b>Bilde fr\u00e5 Tveito, tatt rundt 1930-\u00e5ra<br \/>\n<img loading=\"lazy\" src=\"http:\/\/tveitosida.no\/wp-content\/uploads\/tveito_folder\/tveitoh\/Gamalt_tveito.jpg\" alt=\"Gamalt bilde fr\u00e5 Tveito \" width=\"600\" height=\"398\"><\/p>\n<p><img loading=\"lazy\" border=\"0\" src=\"http:\/\/tveitosida.no\/wp-content\/uploads\/gamle_folder\/postkort\/TveitoGml.jpg\" width=\"600\" height=\"392\"><\/p>\n<p>1937\/1938<br \/>\n<img loading=\"lazy\" border=\"0\" src=\"http:\/\/tveitosida.no\/wp-content\/uploads\/gamle_folder\/postkort\/Nedretvedt1938.jpg\" width=\"600\" height=\"347\"><\/p>\n<p><img loading=\"lazy\" border=\"0\" src=\"http:\/\/tveitosida.no\/wp-content\/uploads\/gamle_folder\/postkort\/TvTunet.jpg\" width=\"600\" height=\"385\"><\/p>\n<p>Bilde tatt i fr\u00e5 Uptun<br \/>\n<img loading=\"lazy\" border=\"0\" src=\"http:\/\/tveitosida.no\/wp-content\/uploads\/gamle_folder\/postkort\/Tveitegrend.jpg\" width=\"600\" height=\"333\"><\/p>\n<p>Huset til Ola murar, Myrne, \u00d8vretveit br.nr. 2.<br \/>\n<img loading=\"lazy\" border=\"0\" src=\"http:\/\/tveitosida.no\/wp-content\/uploads\/gamle_folder\/postkort\/IMG_1291MyrneOvret_600.jpg\" width=\"600\" height=\"402\"><\/p>\n<p>Bilde tatt fr\u00e5 \u00d8vretveit 1977<br \/>\n<img loading=\"lazy\" border=\"0\" src=\"http:\/\/tveitosida.no\/wp-content\/uploads\/gamle_folder\/postkort\/Tveito1977.jpg\" width=\"600\" height=\"396\"><\/p>\n<p><b>Svindal&nbsp;<\/b><br \/>\n<img loading=\"lazy\" border=\"0\" src=\"http:\/\/tveitosida.no\/wp-content\/uploads\/gamle_folder\/postkort\/Svindal.jpg\" width=\"600\" height=\"419\"><\/p>\n<p><b>Myking<\/b><br \/>\n<img loading=\"lazy\" border=\"0\" src=\"http:\/\/tveitosida.no\/wp-content\/uploads\/gamle_folder\/postkort\/Myking.jpg\" width=\"600\" height=\"381\"><\/p>\n<p><b>Nesb\u00f8<\/b><b><\/b><br \/>\n<img loading=\"lazy\" border=\"0\" src=\"http:\/\/tveitosida.no\/wp-content\/uploads\/gamle_folder\/postkort\/Nesbo1932.jpg\" alt=\"Nesb\u00f8 1932\" width=\"600\" height=\"425\"><\/p>\n<p><b>Veland<\/b><br \/>\n<img loading=\"lazy\" border=\"0\" src=\"http:\/\/tveitosida.no\/wp-content\/uploads\/gamle_folder\/postkort\/Veland.jpg\" width=\"600\" height=\"574\"><\/p>\n","protected":false},"excerpt":{"rendered":"<p>Eikangerv\u00e5g Bilde er tatt fr\u00e5 Lid, og ein kan sj\u00e5 litt av Liavatnet Eikangerv\u00e5g Hauge Hestekjerre forbi Hauge, Byggningsmann A n d e r s \u00d8 v r e t v e i t Hauge (H\u00f8ye), Osphaugen Myrh, Dalsgrend Tveitavatnet Grov Tveito: Bilde fr\u00e5 Tveito, tatt rundt 1930-\u00e5ra 1937\/1938 Bilde tatt i fr\u00e5 Uptun Huset &hellip; <a href=\"https:\/\/tveitosida.no\/index.php\/postkort\/\" class=\"more-link\">Continue reading <span class=\"screen-reader-text\">Postkort<\/span> <span class=\"meta-nav\">&rarr;<\/span><\/a><\/p>\n","protected":false},"author":1,"featured_media":0,"parent":0,"menu_order":0,"comment_status":"closed","ping_status":"closed","template":"","meta":[],"_links":{"self":[{"href":"https:\/\/tveitosida.no\/index.php\/wp-json\/wp\/v2\/pages\/3280"}],"collection":[{"href":"https:\/\/tveitosida.no\/index.php\/wp-json\/wp\/v2\/pages"}],"about":[{"href":"https:\/\/tveitosida.no\/index.php\/wp-json\/wp\/v2\/types\/page"}],"author":[{"embeddable":true,"href":"https:\/\/tveitosida.no\/index.php\/wp-json\/wp\/v2\/users\/1"}],"replies":[{"embeddable":true,"href":"https:\/\/tveitosida.no\/index.php\/wp-json\/wp\/v2\/comments?post=3280"}],"version-history":[{"count":5,"href":"https:\/\/tveitosida.no\/index.php\/wp-json\/wp\/v2\/pages\/3280\/revisions"}],"predecessor-version":[{"id":3285,"href":"https:\/\/tveitosida.no\/index.php\/wp-json\/wp\/v2\/pages\/3280\/revisions\/3285"}],"wp:attachment":[{"href":"https:\/\/tveitosida.no\/index.php\/wp-json\/wp\/v2\/media?parent=3280"}],"curies":[{"name":"wp","href":"https:\/\/api.w.org\/{rel}","templated":true}]}}