{"id":1512,"date":"2020-10-28T15:33:18","date_gmt":"2020-10-28T15:33:18","guid":{"rendered":"http:\/\/10.40.0.11\/?page_id=1512"},"modified":"2020-11-02T15:59:52","modified_gmt":"2020-11-02T15:59:52","slug":"siloane","status":"publish","type":"page","link":"https:\/\/tveitosida.no\/index.php\/siloane\/","title":{"rendered":"Siloane"},"content":{"rendered":"<p>Siloarbeid i den eldste siloen.<br \/>\n<img loading=\"lazy\" border=\"0\" src=\"http:\/\/tveitosida.no\/wp-content\/uploads\/gamlaloa_folderen\/siloane\/Siloarbeid.jpg\" width=\"275\" height=\"380\"><\/p>\n<p>Sm\u00e5tvillingane p\u00e5 kvar sin silo. Den eldste siloen er den til h\u00f8gre.<br \/>\n<img loading=\"lazy\" src=\"http:\/\/tveitosida.no\/wp-content\/uploads\/gamlaloa_folderen\/siloane\/Siloane.jpg\" alt=\"Siloane\" width=\"450\" height=\"286\"><\/p>\n<p>Under riving av siloane var ikkje l\u00f8a noko fint syn.<br \/>\n<img loading=\"lazy\" border=\"0\" src=\"http:\/\/tveitosida.no\/wp-content\/uploads\/gamlaloa_folderen\/siloane\/Gamleloa3.jpg\" width=\"448\" height=\"294\"><\/p>\n<p>Sn\u00f8<br \/>\n<img loading=\"lazy\" border=\"0\" src=\"http:\/\/tveitosida.no\/wp-content\/uploads\/gamlaloa_folderen\/siloane\/Gamleloa.jpg\" width=\"600\" height=\"401\"><\/p>\n<p>Gamalt bilde<br \/>\n<img loading=\"lazy\" border=\"0\" src=\"http:\/\/tveitosida.no\/wp-content\/uploads\/stadnamn_folder\/stadnavn\/GamleloaG.jpg\" width=\"600\" height=\"383\"><\/p>\n","protected":false},"excerpt":{"rendered":"<p>Siloarbeid i den eldste siloen. Sm\u00e5tvillingane p\u00e5 kvar sin silo. Den eldste siloen er den til h\u00f8gre. Under riving av siloane var ikkje l\u00f8a noko fint syn. Sn\u00f8 Gamalt bilde<\/p>\n","protected":false},"author":1,"featured_media":0,"parent":0,"menu_order":0,"comment_status":"closed","ping_status":"closed","template":"","meta":[],"_links":{"self":[{"href":"https:\/\/tveitosida.no\/index.php\/wp-json\/wp\/v2\/pages\/1512"}],"collection":[{"href":"https:\/\/tveitosida.no\/index.php\/wp-json\/wp\/v2\/pages"}],"about":[{"href":"https:\/\/tveitosida.no\/index.php\/wp-json\/wp\/v2\/types\/page"}],"author":[{"embeddable":true,"href":"https:\/\/tveitosida.no\/index.php\/wp-json\/wp\/v2\/users\/1"}],"replies":[{"embeddable":true,"href":"https:\/\/tveitosida.no\/index.php\/wp-json\/wp\/v2\/comments?post=1512"}],"version-history":[{"count":4,"href":"https:\/\/tveitosida.no\/index.php\/wp-json\/wp\/v2\/pages\/1512\/revisions"}],"predecessor-version":[{"id":1936,"href":"https:\/\/tveitosida.no\/index.php\/wp-json\/wp\/v2\/pages\/1512\/revisions\/1936"}],"wp:attachment":[{"href":"https:\/\/tveitosida.no\/index.php\/wp-json\/wp\/v2\/media?parent=1512"}],"curies":[{"name":"wp","href":"https:\/\/api.w.org\/{rel}","templated":true}]}}