{"id":1510,"date":"2020-10-28T15:33:00","date_gmt":"2020-10-28T15:33:00","guid":{"rendered":"http:\/\/10.40.0.11\/?page_id=1510"},"modified":"2020-11-02T15:50:51","modified_gmt":"2020-11-02T15:50:51","slug":"moldhuset","status":"publish","type":"page","link":"https:\/\/tveitosida.no\/index.php\/moldhuset\/","title":{"rendered":"Moldhuset"},"content":{"rendered":"<p>Moldhuset var eit viktig hus i dei gamle dagar. Moldi vart str\u00f8dd i kurenna, og der trakte den veta til seg som kom fr\u00e5 kua. Moldi var eit godt tillegg i gj\u00f8dsla, og det kom vel med. Kunstgj\u00f8dsla vart ikkje kj\u00f8pt slik som no, derfor var det om \u00e5 gjera \u00e5 ha mykje mold til bruk i kurenna, det auka frauen. Moldhuset stod mot berget opp mot dei Sjur. Det var den gong f\u00f8r utskiftinga. Det som moldhuset var brukt til siste gong var som ein slags silo. Steinen av moldhuset blei for det meste flytta inn i sm\u00e5l\u00f8a seinare. B\u00e5rd brukte den til silopress. Moldi til moldhuset vart teke fr\u00e5 ymse stader, og den vart t\u00f8rka p\u00e5 moldberget der det er kj\u00f8rebru inn til l\u00f8a deira Sjur.<\/p>\n<p>Moldhuset stod inntil berget litt til h\u00f8gre i bildet under.<br \/>\n<img loading=\"lazy\" src=\"http:\/\/tveitosida.no\/wp-content\/uploads\/gamlaloa_folderen\/moldhuset\/IMG_0501_600.jpg\" width=\"600\" height=\"450\" border=\"0\"><\/p>\n","protected":false},"excerpt":{"rendered":"<p>Moldhuset var eit viktig hus i dei gamle dagar. Moldi vart str\u00f8dd i kurenna, og der trakte den veta til seg som kom fr\u00e5 kua. Moldi var eit godt tillegg i gj\u00f8dsla, og det kom vel med. Kunstgj\u00f8dsla vart ikkje kj\u00f8pt slik som no, derfor var det om \u00e5 gjera \u00e5 ha mykje mold til &hellip; <a href=\"https:\/\/tveitosida.no\/index.php\/moldhuset\/\" class=\"more-link\">Continue reading <span class=\"screen-reader-text\">Moldhuset<\/span> <span class=\"meta-nav\">&rarr;<\/span><\/a><\/p>\n","protected":false},"author":1,"featured_media":0,"parent":0,"menu_order":0,"comment_status":"closed","ping_status":"closed","template":"","meta":[],"_links":{"self":[{"href":"https:\/\/tveitosida.no\/index.php\/wp-json\/wp\/v2\/pages\/1510"}],"collection":[{"href":"https:\/\/tveitosida.no\/index.php\/wp-json\/wp\/v2\/pages"}],"about":[{"href":"https:\/\/tveitosida.no\/index.php\/wp-json\/wp\/v2\/types\/page"}],"author":[{"embeddable":true,"href":"https:\/\/tveitosida.no\/index.php\/wp-json\/wp\/v2\/users\/1"}],"replies":[{"embeddable":true,"href":"https:\/\/tveitosida.no\/index.php\/wp-json\/wp\/v2\/comments?post=1510"}],"version-history":[{"count":3,"href":"https:\/\/tveitosida.no\/index.php\/wp-json\/wp\/v2\/pages\/1510\/revisions"}],"predecessor-version":[{"id":1931,"href":"https:\/\/tveitosida.no\/index.php\/wp-json\/wp\/v2\/pages\/1510\/revisions\/1931"}],"wp:attachment":[{"href":"https:\/\/tveitosida.no\/index.php\/wp-json\/wp\/v2\/media?parent=1510"}],"curies":[{"name":"wp","href":"https:\/\/api.w.org\/{rel}","templated":true}]}}