{"id":1504,"date":"2020-10-28T15:31:44","date_gmt":"2020-10-28T15:31:44","guid":{"rendered":"http:\/\/10.40.0.11\/?page_id=1504"},"modified":"2020-11-02T15:55:46","modified_gmt":"2020-11-02T15:55:46","slug":"hestestallen","status":"publish","type":"page","link":"https:\/\/tveitosida.no\/index.php\/hestestallen\/","title":{"rendered":"Hestestallen"},"content":{"rendered":"<p>I eine enden av gamlal\u00f8o er hestestallen.<br \/>\n<img loading=\"lazy\" src=\"http:\/\/tveitosida.no\/wp-content\/uploads\/gamlaloa_folderen\/hestestallen\/Honsene.jpg\" alt=\"H\u00f8nsene\" width=\"450\" height=\"293\"><\/p>\n<p>P\u00e5 1980-tallet budde h\u00f8nsene i hestestallen&#8230;<br \/>\n&#8230;men no er det rydda slik det var d\u00e5 dei hadde hest p\u00e5 garden.<br \/>\n<img loading=\"lazy\" src=\"http:\/\/tveitosida.no\/wp-content\/uploads\/gamlaloa_folderen\/hestestallen\/Hestegjote.jpg\" alt=\"Hestegj\u00f8te\" width=\"440\" height=\"291\"><\/p>\n<p><img loading=\"lazy\" src=\"http:\/\/tveitosida.no\/wp-content\/uploads\/gamlaloa_folderen\/hestestallen\/Dor2.jpg\" alt=\"D\u00f8ra\" width=\"300\" height=\"444\">&nbsp; D\u00f8ra inn<\/p>\n<p>Stell av h\u00f8nene.<br \/>\n<img loading=\"lazy\" src=\"http:\/\/tveitosida.no\/wp-content\/uploads\/gamlaloa_folderen\/hestestallen\/Dress3.jpg\" width=\"600\" height=\"405\" border=\"0\"><\/p>\n<p>H\u00f8nene fekk g\u00e5 ut kvar dag.<br \/>\n<img loading=\"lazy\" src=\"http:\/\/tveitosida.no\/wp-content\/uploads\/gamlaloa_folderen\/hestestallen\/Honer.jpg\" width=\"600\" height=\"289\" border=\"0\"><\/p>\n","protected":false},"excerpt":{"rendered":"<p>I eine enden av gamlal\u00f8o er hestestallen. P\u00e5 1980-tallet budde h\u00f8nsene i hestestallen&#8230; &#8230;men no er det rydda slik det var d\u00e5 dei hadde hest p\u00e5 garden. &nbsp; D\u00f8ra inn Stell av h\u00f8nene. H\u00f8nene fekk g\u00e5 ut kvar dag.<\/p>\n","protected":false},"author":1,"featured_media":0,"parent":0,"menu_order":0,"comment_status":"closed","ping_status":"closed","template":"","meta":[],"_links":{"self":[{"href":"https:\/\/tveitosida.no\/index.php\/wp-json\/wp\/v2\/pages\/1504"}],"collection":[{"href":"https:\/\/tveitosida.no\/index.php\/wp-json\/wp\/v2\/pages"}],"about":[{"href":"https:\/\/tveitosida.no\/index.php\/wp-json\/wp\/v2\/types\/page"}],"author":[{"embeddable":true,"href":"https:\/\/tveitosida.no\/index.php\/wp-json\/wp\/v2\/users\/1"}],"replies":[{"embeddable":true,"href":"https:\/\/tveitosida.no\/index.php\/wp-json\/wp\/v2\/comments?post=1504"}],"version-history":[{"count":4,"href":"https:\/\/tveitosida.no\/index.php\/wp-json\/wp\/v2\/pages\/1504\/revisions"}],"predecessor-version":[{"id":1933,"href":"https:\/\/tveitosida.no\/index.php\/wp-json\/wp\/v2\/pages\/1504\/revisions\/1933"}],"wp:attachment":[{"href":"https:\/\/tveitosida.no\/index.php\/wp-json\/wp\/v2\/media?parent=1504"}],"curies":[{"name":"wp","href":"https:\/\/api.w.org\/{rel}","templated":true}]}}