{"id":1404,"date":"2020-10-26T19:09:54","date_gmt":"2020-10-26T19:09:54","guid":{"rendered":"http:\/\/10.40.0.11\/?page_id=1404"},"modified":"2020-11-02T16:19:03","modified_gmt":"2020-11-02T16:19:03","slug":"skykkja","status":"publish","type":"page","link":"https:\/\/tveitosida.no\/index.php\/skykkja\/","title":{"rendered":"Skykkja"},"content":{"rendered":"<p>Her har me utedo&#8230;..og det er ein tosetar<br \/>\n<img loading=\"lazy\" src=\"http:\/\/tveitosida.no\/wp-content\/uploads\/tveito_folder\/skykkja\/IMG_3839Skykkja.jpg\" width=\"600\" height=\"542\" border=\"0\"><\/p>\n<p>Vedhuset p\u00e5 garden, der det no st\u00e5r, var nytt i \u00e5ra mellom 1930 og 40, kan henda var det f\u00f8r 30. F\u00f8r den tid var det vedhus p\u00e5 nordre sida av v\u00e5ningshuset. Det var ei halvtekkja. I den halvtekkja sto og den gamle svarvestolen, dreiestolen, som no st\u00e5r i den nye skykkja, vedhuset. Jakob Tvedt brukte svarvestolen mykje. Det var dreiing av fat og mange andre ting. Mons Tvedt dreidde og mange ting. No st\u00e5r svarvestolen i den nye skykkja, vedhuset. Det nye vedhuset var rekna b\u00e5de til vedhus, kjerrehus, slaktehus og do\/toalett. Det siste skulle vera i staden for det gamlado, som idag er t\u00f8rkehus, har og vore leikehus i fleire generasjonar.<\/p>\n<p>Under restaurering av taket i 1994<br \/>\n<img loading=\"lazy\" src=\"http:\/\/tveitosida.no\/wp-content\/uploads\/tveito_folder\/skykkja\/TakSkykkja.jpg\" width=\"600\" height=\"440\" border=\"0\"><\/p>\n<p>Fr\u00f8ken Nilsen utenfor skykkja<br \/>\n<img loading=\"lazy\" src=\"http:\/\/tveitosida.no\/wp-content\/uploads\/tveito_folder\/skykkja\/FrokenNilsen_600.jpg\" width=\"350\" height=\"540\" border=\"0\"><\/p>\n","protected":false},"excerpt":{"rendered":"<p>Her har me utedo&#8230;..og det er ein tosetar Vedhuset p\u00e5 garden, der det no st\u00e5r, var nytt i \u00e5ra mellom 1930 og 40, kan henda var det f\u00f8r 30. F\u00f8r den tid var det vedhus p\u00e5 nordre sida av v\u00e5ningshuset. Det var ei halvtekkja. I den halvtekkja sto og den gamle svarvestolen, dreiestolen, som no &hellip; <a href=\"https:\/\/tveitosida.no\/index.php\/skykkja\/\" class=\"more-link\">Continue reading <span class=\"screen-reader-text\">Skykkja<\/span> <span class=\"meta-nav\">&rarr;<\/span><\/a><\/p>\n","protected":false},"author":1,"featured_media":0,"parent":0,"menu_order":0,"comment_status":"closed","ping_status":"closed","template":"","meta":[],"_links":{"self":[{"href":"https:\/\/tveitosida.no\/index.php\/wp-json\/wp\/v2\/pages\/1404"}],"collection":[{"href":"https:\/\/tveitosida.no\/index.php\/wp-json\/wp\/v2\/pages"}],"about":[{"href":"https:\/\/tveitosida.no\/index.php\/wp-json\/wp\/v2\/types\/page"}],"author":[{"embeddable":true,"href":"https:\/\/tveitosida.no\/index.php\/wp-json\/wp\/v2\/users\/1"}],"replies":[{"embeddable":true,"href":"https:\/\/tveitosida.no\/index.php\/wp-json\/wp\/v2\/comments?post=1404"}],"version-history":[{"count":5,"href":"https:\/\/tveitosida.no\/index.php\/wp-json\/wp\/v2\/pages\/1404\/revisions"}],"predecessor-version":[{"id":1948,"href":"https:\/\/tveitosida.no\/index.php\/wp-json\/wp\/v2\/pages\/1404\/revisions\/1948"}],"wp:attachment":[{"href":"https:\/\/tveitosida.no\/index.php\/wp-json\/wp\/v2\/media?parent=1404"}],"curies":[{"name":"wp","href":"https:\/\/api.w.org\/{rel}","templated":true}]}}