{"id":1390,"date":"2020-10-26T19:07:25","date_gmt":"2020-10-26T19:07:25","guid":{"rendered":"http:\/\/10.40.0.11\/?page_id=1390"},"modified":"2022-08-22T20:13:01","modified_gmt":"2022-08-22T20:13:01","slug":"hauge","status":"publish","type":"page","link":"https:\/\/tveitosida.no\/index.php\/hauge\/","title":{"rendered":"Hauge"},"content":{"rendered":"<p>Gamle bilder fr\u00e5 Hauge, barndomsheimen til Ida \u00d8vretveit<\/p>\n<p>Ida (Hauge) \u00d8vretveit f.1906, mi oldemor, som lita jente. Her med foreldre, besteforeldre (p\u00e5 farsida) og tre eldre br\u00f8dre.<br \/><img loading=\"lazy\" src=\"http:\/\/tveitosida.no\/wp-content\/uploads\/gamle_folder\/hauge\/Hauge_fam.jpg\" width=\"600\" height=\"419\" border=\"0\" \/><\/p>\n<p>Idas forfedre<br \/><img loading=\"lazy\" src=\"http:\/\/tveitosida.no\/wp-content\/uploads\/gamle_folder\/hauge\/IdaSlekt.jpg\" width=\"689\" height=\"662\" border=\"0\" \/><\/p>\n<p>Sivert og Anna Hauge<br \/><img loading=\"lazy\" src=\"http:\/\/tveitosida.no\/wp-content\/uploads\/gamle_folder\/hauge\/SivAn.jpg\" width=\"600\" height=\"431\" border=\"0\" \/><\/p>\n<p>Ida som ung: Bergit og Ida (mi oldemor) var doble s\u00f8skenbarn.<br \/><img loading=\"lazy\" src=\"http:\/\/tveitosida.no\/wp-content\/uploads\/gamle_folder\/hauge\/Bergit_Ida.jpg\" width=\"250\" height=\"346\" border=\"0\" \/><\/p>\n<p>Bergit og Anna<br \/><img loading=\"lazy\" src=\"http:\/\/tveitosida.no\/wp-content\/uploads\/gamle_folder\/hauge\/BergitAa_AnnaF.jpg\" width=\"239\" height=\"345\" border=\"0\" \/><\/p>\n<p>Ida, Anna og Bergit.<br \/><img loading=\"lazy\" src=\"http:\/\/tveitosida.no\/wp-content\/uploads\/gamle_folder\/hauge\/IBApi.jpg\" width=\"600\" height=\"359\" border=\"0\" \/><\/p>\n<p><img loading=\"lazy\" src=\"http:\/\/tveitosida.no\/wp-content\/uploads\/gamle_folder\/hauge\/IAme.jpg\" width=\"600\" height=\"369\" border=\"0\" \/><\/p>\n<p><img loading=\"lazy\" src=\"http:\/\/tveitosida.no\/wp-content\/uploads\/gamle_folder\/hauge\/IBAba.jpg\" width=\"600\" height=\"324\" border=\"0\" \/><\/p>\n<p>Anna og Ida med det norske flagget<br \/><img loading=\"lazy\" src=\"http:\/\/tveitosida.no\/wp-content\/uploads\/gamle_folder\/hauge\/AnnaIdaFlagg.png\" width=\"600\" height=\"407\" border=\"0\" \/><\/p>\n<p>Ida og Anna<br \/><img loading=\"lazy\" src=\"http:\/\/tveitosida.no\/wp-content\/uploads\/gamle_folder\/hauge\/IMG_1966_.jpg\" width=\"600\" height=\"884\" border=\"0\" \/><\/p>\n<p>Ida<br \/><img loading=\"lazy\" src=\"http:\/\/tveitosida.no\/wp-content\/uploads\/gamle_folder\/hauge\/IMG_1969_.jpg\" width=\"600\" height=\"800\" border=\"0\" \/><\/p>\n<p>Ida i bunad<br \/><img loading=\"lazy\" src=\"http:\/\/tveitosida.no\/wp-content\/uploads\/gamle_folder\/hauge\/IdaUngBun.png\" width=\"600\" height=\"915\" border=\"0\" \/><\/p>\n<p>P\u00e5 Hauge:<br \/>Bakerst: Svanhild med hund, Ida m\/lille Knut, Ingvald.<br \/>Midten: Anna og Anders, Anna og Sivert.<br \/>Fremme: Maria (til Magnus), Annlaug, Ingebj\u00f8rg, Aslaug, K\u00e5re, Magnus.<br \/><img loading=\"lazy\" src=\"http:\/\/tveitosida.no\/wp-content\/uploads\/gamle_folder\/hauge\/PaaHauge.jpg\" width=\"600\" height=\"436\" border=\"0\" \/><\/p>\n<p>Svanhild og Ida p\u00e5 sine eldre dager.<br \/><img loading=\"lazy\" src=\"http:\/\/tveitosida.no\/wp-content\/uploads\/gamle_folder\/hauge\/SvanIda.jpg\" width=\"600\" height=\"410\" border=\"0\" \/><\/p>\n<p>Dei tre s\u00f8strene Svanhild, Ida og Alvhild p\u00e5 Ida sin 90 \u00e5rs dag.<br \/><img loading=\"lazy\" src=\"http:\/\/tveitosida.no\/wp-content\/uploads\/gamle_folder\/hauge\/SvanIdaAlv.jpg\" width=\"600\" height=\"412\" border=\"0\" \/><\/p>\n<p>Dette bildet fekk eg fr\u00e5 mi oldemor Ida. Det er eit stort rundt veggbilde. Bildet er av ei jente som budde i Amerika. Ho heitte Nora. Mor til Ida (Anna) fekk dette av ein barndomskamerat fr\u00e5 &#8220;Veien&#8221;, d\u00e5 han kom heim p\u00e5 sine eldre dagar. (B\u00e5rd f. 1877, Nilsson Nedretveit br. 3, kalla Ben Tvedt i Amerika d.1953). Bildet av dattera. Broren d\u00f8ydde i sammenheng med traktor i USA .<\/p>\n<p><img loading=\"lazy\" src=\"http:\/\/tveitosida.no\/wp-content\/uploads\/gamle_folder\/hauge\/IMG_3785R600_.jpg\" width=\"600\" height=\"790\" border=\"0\" \/><\/p>\n<p>Rund ramme med buet glass.<br \/><img loading=\"lazy\" src=\"http:\/\/tveitosida.no\/wp-content\/uploads\/gamle_folder\/hauge\/IMG_3793R600.jpg\" width=\"600\" height=\"780\" border=\"0\" \/><\/p>\n<p>Bilde av Ida si mormor si kiste. (Ingeborg Sjursdatter \u00d8vretvedt). Ho kom fra \u00d8vretveit, budde ei stund p\u00e5 Nedretveit br.2, f\u00f8r dei flytta til Hauge, der mannen kom fra.<\/p>\n\n\n<figure class=\"wp-block-image size-large\"><img loading=\"lazy\" width=\"1024\" height=\"545\" src=\"http:\/\/tveitosida.no\/wp-content\/uploads\/gamle_folder\/hauge\/IMG_4787_InSjOv.jpg\" alt=\"\" class=\"wp-image-3653\" srcset=\"https:\/\/tveitosida.no\/wp-content\/uploads\/gamle_folder\/hauge\/IMG_4787_InSjOv.jpg 1024w, https:\/\/tveitosida.no\/wp-content\/uploads\/gamle_folder\/hauge\/IMG_4787_InSjOv-300x160.jpg 300w, https:\/\/tveitosida.no\/wp-content\/uploads\/gamle_folder\/hauge\/IMG_4787_InSjOv-768x409.jpg 768w\" sizes=\"(max-width: 1024px) 100vw, 1024px\" \/><\/figure>\n\n\n\n<figure class=\"wp-block-image size-large is-resized\"><img loading=\"lazy\" src=\"http:\/\/tveitosida.no\/wp-content\/uploads\/gamle_folder\/hauge\/IMG_4802_InSjOv-628x1024.jpg\" alt=\"\" class=\"wp-image-3655\" width=\"310\" height=\"505\" srcset=\"https:\/\/tveitosida.no\/wp-content\/uploads\/gamle_folder\/hauge\/IMG_4802_InSjOv-628x1024.jpg 628w, https:\/\/tveitosida.no\/wp-content\/uploads\/gamle_folder\/hauge\/IMG_4802_InSjOv-184x300.jpg 184w, https:\/\/tveitosida.no\/wp-content\/uploads\/gamle_folder\/hauge\/IMG_4802_InSjOv-768x1253.jpg 768w, https:\/\/tveitosida.no\/wp-content\/uploads\/gamle_folder\/hauge\/IMG_4802_InSjOv-942x1536.jpg 942w, https:\/\/tveitosida.no\/wp-content\/uploads\/gamle_folder\/hauge\/IMG_4802_InSjOv.jpg 1024w\" sizes=\"(max-width: 310px) 100vw, 310px\" \/><\/figure>\n","protected":false},"excerpt":{"rendered":"<p>Gamle bilder fr\u00e5 Hauge, barndomsheimen til Ida \u00d8vretveit Ida (Hauge) \u00d8vretveit f.1906, mi oldemor, som lita jente. Her med foreldre, besteforeldre (p\u00e5 farsida) og tre eldre br\u00f8dre. Idas forfedre Sivert og Anna Hauge Ida som ung: Bergit og Ida (mi oldemor) var doble s\u00f8skenbarn. Bergit og Anna Ida, Anna og Bergit. Anna og Ida med &hellip; <a href=\"https:\/\/tveitosida.no\/index.php\/hauge\/\" class=\"more-link\">Continue reading <span class=\"screen-reader-text\">Hauge<\/span> <span class=\"meta-nav\">&rarr;<\/span><\/a><\/p>\n","protected":false},"author":1,"featured_media":0,"parent":0,"menu_order":0,"comment_status":"closed","ping_status":"closed","template":"","meta":[],"_links":{"self":[{"href":"https:\/\/tveitosida.no\/index.php\/wp-json\/wp\/v2\/pages\/1390"}],"collection":[{"href":"https:\/\/tveitosida.no\/index.php\/wp-json\/wp\/v2\/pages"}],"about":[{"href":"https:\/\/tveitosida.no\/index.php\/wp-json\/wp\/v2\/types\/page"}],"author":[{"embeddable":true,"href":"https:\/\/tveitosida.no\/index.php\/wp-json\/wp\/v2\/users\/1"}],"replies":[{"embeddable":true,"href":"https:\/\/tveitosida.no\/index.php\/wp-json\/wp\/v2\/comments?post=1390"}],"version-history":[{"count":13,"href":"https:\/\/tveitosida.no\/index.php\/wp-json\/wp\/v2\/pages\/1390\/revisions"}],"predecessor-version":[{"id":4488,"href":"https:\/\/tveitosida.no\/index.php\/wp-json\/wp\/v2\/pages\/1390\/revisions\/4488"}],"wp:attachment":[{"href":"https:\/\/tveitosida.no\/index.php\/wp-json\/wp\/v2\/media?parent=1390"}],"curies":[{"name":"wp","href":"https:\/\/api.w.org\/{rel}","templated":true}]}}